3. List the prime factors of o.
383
Let i be (1 + 35)/(-5 + 6). Suppose 5*m + 4*n = 21 - 6, -3*m + 3*n = -i. List the prime factors of m.
7
Suppose -3*l + 27 = 3*c, -7*c + 2*c = -4*l. Let n(q) = 8*q + 0*q**2 - 6 - q**2 + 0*q**2 + 0. What are the prime factors of n(l)?
3
Suppose -8*x + 3*x - 500 = 0. Let l = 62 + -68. List the prime factors of (l/(-5))/((-8)/x).
3, 5
Let j = 4 - 4. Let w be (1 + -2 - j)*1. What are the prime factors of (7 + w)/(1/1)?
2, 3
Let d(s) = -5*s - 2. Suppose -w = 0, 9 = q - 4*q - 3*w. What are the prime factors of d(q)?
13
Suppose -3*i + 5*t = -202, 246 = 4*i + 2*t + 3*t. List the prime factors of i.
2
Let k(q) = -3*q + 3. Let x(j) = -4*j + 3. Let p(m) = -3*k(m) + 2*x(m). What are the prime factors of p(16)?
13
Let t = 18 - -4. Let y be -3*1*(-20)/(-6). Let f = y + t. What are the prime factors of f?
2, 3
Let x be (4/(-6))/((-13)/(-234)). Let i = x + 17. What are the prime factors of i?
5
List the prime factors of (5*5)/(14/98).
5, 7
List the prime factors of (2/5)/((-17)/(-4505)).
2, 53
Suppose 8 = 2*c - 30. Let a = c - 27. What are the prime factors of 12/a*14/(-3)?
7
Let p be (-12)/16 + 438/8. Suppose -2*a + 10 = 0, -7*a + 3*a = 2*w - p. List the prime factors of w.
17
List the prime factors of 6/(-10) - 579/(-15).
2, 19
Let t(u) = 12*u - 4. Let m be t(-8). Let b = -48 - m. List the prime factors of b.
2, 13
Suppose 14 + 1 = -5*s. What are the prime factors of s + -20*(-12)/8?
3
Let n = 4 + -6. Let o(g) = 7*g**2 + g - 2. List the prime factors of o(n).
2, 3
Let g = -84 - -435. Suppose -2*t = h + g, h - 626 = 5*t + 255. List the prime factors of t/(-18) + 4/18.
2, 5
Let p(t) = -1 + 2 - 6*t + 11*t. Let a be p(-1). What are the prime factors of (-1)/(2/a) + 6?
2
Suppose -7 = 3*k + 2. Let g = 2 - k. Suppose 3*c - 3*j = 15, 4*c - 9 = -g*j + 11. List the prime factors of c.
5
Let y = -34 + 45. What are the prime factors of y?
11
Suppose 3*i = 9 - 21. Let z be 9*1 - (1 + i). Let j = z - -1. List the prime factors of j.
13
Suppose 2*k - 169 = k. List the prime factors of k.
13
Let i be 22/6 + 1/3. What are the prime factors of (-9)/(-36) - (-19)/i?
5
Suppose -182 = -5*b + 133. What are the prime factors of b?
3, 7
Suppose 2 + 1 = x. Suppose -x*b + 32 = 5. What are the prime factors of b?
3
Let x(l) = l - 15. Let i be x(13). List the prime factors of (i - -19) + 3 + 0.
2, 5
Let v = -63 - -77. What are the prime factors of v?
2, 7
Suppose -2*d + 0 = -4*s + 2, 3*s + 3*d = -3. Let m = s - -22. What are the prime factors of m?
2, 11
Let j be 0 - 5/(15/(-756)). What are the prime factors of (-2)/10 - j/(-35)?
7
Let b = 150 + 171. What are the prime factors of b?
3, 107
Let n(w) = -w**2 - 14*w + 11. List the prime factors of n(-13).
2, 3
Let y be 6/((15/(-2))/(-5)). Suppose -y*v + 3*m + 12 = 0, 3*v + v + 3*m = -12. Suppose -9 = -3*s - v*s. What are the prime factors of s?
3
Suppose 0 = -b - 0*b - 56. Let q = -46 - -6. Let y = q - b. What are the prime factors of y?
2
Let n = 348 + -229. What are the prime factors of n?
7, 17
Let u(f) = -22*f - 9. List the prime factors of u(-7).
5, 29
Suppose -4*z - 8 = -p + 3*p, 0 = 2*p + 8. Suppose v - 6*v = -175. Suppose 4*l + l - v = z. List the prime factors of l.
7
Let m = 181 - -37. What are the prime factors of m?
2, 109
What are the prime factors of (-29)/(6/72*-2)?
2, 3, 29
Let a(c) be the second derivative of c**5/20 + 3*c**4/4 + 2*c**3/3 + c**2 - 5*c. What are the prime factors of a(-8)?
2, 17
Suppose -115 = -2*c + 19. What are the prime factors of c?
67
Suppose -46*y + 196 = -42*y. List the prime factors of y.
7
Suppose 0 = -4*r - 0*r - 52. What are the prime factors of 3*(r/(-3) + 1)?
2
Let x be 1/((1/(-1))/(-5)). Suppose -314 = -x*s - 104. Suppose 6 + s = 4*m. List the prime factors of m.
2, 3
Let q = 49 + -31. Suppose -3*x = -0*x - q. What are the prime factors of x?
2, 3
Let d be (0 - -12)/3 + -2. Let a be (-95)/(-30) - d/12. Suppose -a*m + m = -2*w, 2*m = -4*w + 24. List the prime factors of w.
2
Let v(k) = -k**3 - 11*k**2 - 13*k - 10. List the prime factors of v(-11).
7, 19
Suppose 0 = -4*o - 4*x + 28, 0 = -o - 2*o - 4*x + 17. What are the prime factors of o?
11
Let p be (1/(-2) + 2)*2. Suppose -6 = -p*r + 39. List the prime factors of r.
3, 5
Let c = 13 - 21. Let r = 29 + c. List the prime factors of r.
3, 7
Let w = 79 - 56. List the prime factors of w.
23
Suppose 5*s - 4*s = 0. Let c(y) be the second derivative of -y**3/6 + 6*y**2 - 3*y. List the prime factors of c(s).
2, 3
Suppose 0*a - 5 = a. Suppose -q - q + 29 = 3*x, 2*x = 4*q + 14. Let b = a + x. What are the prime factors of b?
2
Let q be 2/(-3 - (-25)/8). Suppose -a + q + 14 = 0. List the prime factors of a.
2, 3, 5
Let g = -330 - -92. List the prime factors of g/(-21) - (-2)/(-6).
11
Suppose 7*g - 126 = 5*g. Suppose g = 5*o - 2. What are the prime factors of o?
13
Let p(x) = 8*x**2 - 3*x - 3. Let i be (-2)/7 - 36/21. List the prime factors of p(i).
5, 7
Suppose -w = -5*w. Suppose -v + 5 + 3 = w. Suppose 0 = -4*y + v + 4. List the prime factors of y.
3
Suppose 7*m - 180 = 2*m. Suppose 3*u - m = -u. What are the prime factors of u?
3
Let v be 18 + 1 + 5 + -2. Suppose -5*g + 10 = 3*d, -d + 2*d - 3*g = v. What are the prime factors of d?
2, 5
Suppose -4*m + 44 - 12 = 0. Let z = m + -5. List the prime factors of z.
3
Let z = 40 - 26. What are the prime factors of z?
2, 7
Suppose 0 = -5*j - 2*a + 21, j - 2*j + a = 0. Suppose -3*d + 44 = -j*f + 5, -5 = 2*f + 5*d. Let u = -5 - f. List the prime factors of u.
5
Let w(r) = 1. Let p(t) = -43*t + 1. Let a(g) = -p(g) + 2*w(g). List the prime factors of a(1).
2, 11
Suppose 3*g - g = 0. Let k be (0 - g)*(2 - 3). Let d = k + 2. List the prime factors of d.
2
Suppose p + 8*d = 5*d + 8, -11 = -3*p + 4*d. Suppose -2*k - 3*k = -p. Suppose 0 = -s + 5 - k. What are the prime factors of s?
2
Suppose -107 = -2*d + 179. What are the prime factors of d?
11, 13
Let k be (-1)/5 + (-1768)/(-40). Suppose -5*y + 76 = -54. Let m = k - y. What are the prime factors of m?
2, 3
Suppose 0*u - 2*u = 20. Let y = u - -15. Suppose 0 = -y*a - 15, -3*m - 5 = -5*m - a. List the prime factors of m.
2
Let h(p) = p**3 + 9*p**2 + 8*p + 1. List the prime factors of h(-6).
61
List the prime factors of (0 + -14)*(-2 + 1).
2, 7
Let q = -17 + 8. List the prime factors of -8*(q/(-6))/(-3).
2
Let o(a) = 13*a. Let k(p) = 7*p. Let q(t) = -13*k(t) + 6*o(t). List the prime factors of q(-1).
13
Let v(y) = -y**3 - 5*y**2 - 6*y - 6. Let k be v(-4). Suppose 29 = -k*q + 3*q. Let m = -18 + q. List the prime factors of m.
11
Let l be 5 - (3 - 1)/(-2). Let c(j) = -j**2 + 7*j. Let b be c(l). What are the prime factors of (4/b)/((-2)/(-27))?
3
Suppose 1565 = 15*p - 310. What are the prime factors of p?
5
Suppose -2*k + o + 66 + 34 = 0, 0 = -k + 3*o + 50. Let l = -24 + k. List the prime factors of l.
2, 13
Let b be ((-1)/(-3))/((-3)/(-18)). Suppose -b*x = -71 - 27. What are the prime factors of x?
7
Let u = 13 - -67. List the prime factors of u.
2, 5
Let h be (1 + -9)*1/(-2). Suppose 156 = -5*z + 441. Suppose h*l - z + 1 = 0. What are the prime factors of l?
2, 7
Suppose 4*f - 4 = 3*t - 5*t, -3*f = -3*t + 6. Suppose 1 = -k, -4*y - k + 3 + 16 = f. Suppose -b = -y*b + 40. List the prime factors of b.
2, 5
Let c be (24*5)/(10/15). Suppose -5*s + c = -70. What are the prime factors of s?
2, 5
Suppose 3*j + 26 = -4*v, -v - 9 = 5*j + 23. Let b(k) = -k**2 - 8*k + 6. What are the prime factors of b(j)?
2, 3
List the prime factors of ((-72)/(-5))/(0 + (-8)/(-120)).
2, 3
Suppose 1 = 3*s - q, -2*s = 8*q - 4*q + 4. Suppose -n - 4*n + 15 = s. Suppose -n*m = -5*m + 8. What are the prime factors of m?
2
Let x = 7 - 2. Suppose -4*j - r + x = 0, 5*j + 3*r - 4 = 4*r. Let v(w) = 16*w**2 + w - 1. List the prime factors of v(j).
2
Let q = -13 - -18. Suppose -b + q*m + 37 = 0, -b + 2*b - 7 = -5*m. Let x = 36 - b. What are the prime factors of x?
2, 7
Let x(m) = -m - 2. Suppose 2*d - 5*a + 0*a = 23, -4*d + 22 = -2*a. Suppose -d*t + 0*t - 32 = 0. What are the prime factors of x(t)?
2, 3
Suppose 3*x - 354 = 204. Suppose 4*r = 7*r + x. Let s = -42 - r. What are the prime factors of s?
2, 5
Let l(y) = y + 3. Let i be l(-4). Let a = 13 - i. List the prime factors of a.
2, 7
Suppose -4 = -2*b - 5*u + 6, 0 = 5*b - 4*u - 25. What are the prime factors of b?
5
Le